g be (-2)/(-14) - (-1180)/70. Suppose 4*z - 2*r = 22, -5*r = 2*z - 3*z - g. What is the units digit of z?
8
Suppose -51 = 4*f - 143. What is the tens digit of f?
2
Suppose -76 = -2*y + 3*g - 10, 0 = 2*y - g - 66. What is the units digit of y?
3
Suppose 0 = -6*z + 3*z + 147. What is the units digit of z?
9
Suppose 0 = 14*t - 12*t - 150. What is the tens digit of t?
7
Let b(y) = y**3 - y + 35. What is the tens digit of b(0)?
3
Let z = 73 - 41. What is the tens digit of z?
3
Let h(i) = -5*i. What is the hundreds digit of h(-26)?
1
Suppose -8 = -2*q - 4*v, 3*q + 3*v = -0*q + 9. Suppose 3*p = 11 - q. Suppose -5*t = 2*w - 37, 3*t + p*w = 14 + 1. What is the units digit of t?
9
Let k be ((-8)/(-5) + -1)*5. Let h = -4 + k. What is the tens digit of 11 - (h + 2 + 0)?
1
Let o be -15 - (4 - (4 - 2)). Let w be o/(-4) - (-3)/4. What is the units digit of (-4)/(-10) - (-33)/w?
7
Let h(j) = -2*j. Let t be h(-5). Let d be t*(-2)/4*1. Let l = d + 13. What is the units digit of l?
8
Let h(p) = -2*p**2 - 10 + p**2 + 4 - 8*p. Let r be (-4)/18 + (-68)/18. What is the units digit of h(r)?
0
Suppose 152 = 9*l - 5*l. What is the tens digit of l?
3
Suppose 5*d - 38 = -2*v + 162, 4*d - 4*v - 160 = 0. Let y = d + -22. What is the tens digit of y?
1
Suppose 2*u = -k + 6*u + 61, 0 = -4*k + 3*u + 192. What is the tens digit of k?
4
Let u(z) = z + 3. Let d = -6 - -3. Let t = 10 + d. What is the tens digit of u(t)?
1
Let x(w) be the third derivative of w**6/360 + 7*w**4/24 + w**3/2 - 3*w**2. Let r(l) be the first derivative of x(l). What is the units digit of r(0)?
7
Suppose 5*d = 2*s - 8, s + 4*d - 19 = -d. Let r(v) = 4*v - 10. What is the units digit of r(s)?
6
Let z(g) = 3*g**3 + 2*g - 1. Let a be z(1). Let u(t) = -t**2 + 5*t - 4. Let l be u(a). Suppose 4*y - 39 = 3*c - l*c, 4*c + 20 = 0. What is the units digit of y?
6
Let f = -5 + 10. Let j = f + -2. What is the units digit of j?
3
Suppose -3*l + t + 101 = 0, 4*l - 118 = -2*t - 0*t. Let o = l + -2. What is the units digit of o?
0
Let h be ((-1)/(-2))/(3/12). Suppose -i = h*i - 21. What is the units digit of i?
7
What is the tens digit of 0 - (0 + 47)*-1?
4
Suppose n + 44 = -3*n. Let v(j) = j**3 - 6*j**2 + 4*j + 1. Let f be v(4). Let i = n - f. What is the units digit of i?
4
Suppose 0 = -2*g - 149 - 175. What is the tens digit of -2 - (-5)/((-15)/g)?
5
Let v be (-789)/12 + (-3)/12. What is the units digit of (-2)/9 + v/(-54)?
1
Let y be 12*-3*(-2)/8. Suppose -2*d + 5 + y = 0. What is the units digit of d?
7
Suppose 0 = c + c - 14. What is the units digit of c?
7
Let x = 8 + -9. What is the units digit of (-1 - x) + 11/1?
1
Suppose 3*k + 2*k - 2*m = 0, 4*m - 20 = 0. Suppose 5*c - 80 = 5*d, k*c - 3*d - 22 = 9. What is the tens digit of c?
1
Suppose 3*f = 4*p - 0*p - 635, 4*p - 2*f = 638. What is the hundreds digit of p?
1
Suppose 6*q - 312 = 2*q. Suppose -5*y + q = -12. What is the units digit of y?
8
Suppose -2*d + 90 = n - 3*d, 310 = 3*n + 5*d. What is the tens digit of n?
9
Let x = 3 + 1. Suppose -x*b = -2*b - 6. Suppose 8 = 4*c + 4*u, -b*c + 3*u = -0*u - 18. What is the units digit of c?
4
Let a(h) = 9*h**2 - 5*h - 9. What is the units digit of a(-5)?
1
Let i = -18 - -18. Let o = 4 + -3. Suppose g = -i*g + o. What is the units digit of g?
1
Suppose 0 = 4*x - 7 - 93. Suppose x = 2*p + 3*p. What is the units digit of p?
5
Let u(p) = p**2 - 2*p + 2. Let o be u(2). Suppose -36 = o*a - 6*a. What is the units digit of a?
9
Suppose -2 = f + 1, -3*f - 5 = 2*g. Let i be 2/(-2*3/(-12)). Suppose 0 = i*x + x + g*d - 60, 45 = 3*x + 3*d. What is the tens digit of x?
1
Let g(w) = 5*w**2 - 1. Let n be g(-1). Suppose 5*k - 15 = n*k - 3*p, 4*k + p = 60. What is the units digit of k?
5
Let c(d) = 2*d**3 - d**2 - d + 1. Suppose -a + 3*a - 22 = 5*z, -2*z = -3*a + 11. What is the units digit of c(a)?
1
Let b = 170 - 108. What is the units digit of b?
2
Let b(g) = 44*g**3 - g**2 + g. Let k be b(1). Suppose -7*j = -5*j - 30. Suppose k = 5*s - 3*l - 26, 3*l = -j. What is the tens digit of s?
1
Suppose -40 = -5*v - 2*b, -8 = -v - 0*v - 5*b. Let n = v + -1. What is the units digit of n?
7
Let p = 0 + 4. Suppose 0 = 3*q - s - 12, 0 = -5*q - 4*s - 1 + p. What is the units digit of q?
3
Suppose -k - 3*k + 20 = 0. What is the tens digit of k*(11 - 1 - 3)?
3
Suppose 5*m - 333 = -4*q, m = -4*q - q + 411. What is the tens digit of q?
8
Suppose -5*t - 70 = 4*s - 743, -2*t = -4*s - 258. What is the tens digit of t?
3
What is the tens digit of 2/(-10) + (-844)/(-20)?
4
Let g(o) = o**2 + 4*o - 3. Suppose -1 + 19 = -3*j. What is the units digit of g(j)?
9
Suppose 3*a + 3*l = 4*l - 16, 2*a - 3*l + 6 = 0. Let q(x) = -x**3 - 7*x**2 - 8*x - 7. What is the units digit of q(a)?
5
Let o = 15 - 4. Suppose -3*g + 16 = 2*t, -2*t + t + o = 2*g. Suppose g = 4*u + 2. What is the units digit of u?
1
Let g(c) = -c + 3. Let x(b) = 2*b - 2 + 0 - 1. Let u(d) = 3*g(d) + 2*x(d). What is the tens digit of u(7)?
1
Let k(q) = 3*q**2 - q - 4. What is the tens digit of k(-4)?
4
Let j(i) = -i**2 - 4*i + 6. What is the units digit of j(-5)?
1
Let i = 8 + -7. Let m(j) = 18*j**2 - 2*j + 1. What is the tens digit of m(i)?
1
Let n(v) = -9*v + 6. What is the tens digit of n(-3)?
3
Suppose 3*v - 178 - 461 = 0. What is the units digit of v?
3
Let u(n) = -n**3 + 0*n - 2*n + 7*n - 2*n - 4*n**2 - 1. What is the units digit of u(-5)?
9
Let o(m) be the third derivative of -m**6/120 + m**5/60 - m**4/24 + 2*m**2. Let q be o(0). Let i = 7 - q. What is the units digit of i?
7
Suppose -2*o + 146 = -60. What is the hundreds digit of o?
1
What is the units digit of ((-265)/10 - 3)*-12?
4
Let a = -12 - -18. Let c(h) = h - 3. What is the units digit of c(a)?
3
Let y(n) = -n**3 + 0*n**3 + n**2 - 9 - 6*n**2 + 9*n - 4*n**2. What is the units digit of y(-10)?
1
Let u be ((-26)/(-3) + -3)*-3. Let m = 30 + u. What is the tens digit of m?
1
Let f(x) = x**2 + x + 51. What is the units digit of f(0)?
1
Suppose -4*y = -28 - 212. What is the units digit of y?
0
Suppose 60 = 4*y + y. What is the units digit of y/8*4/3?
2
Suppose -13 = j - 4*d, j - 3*d = -3*j. Let t(n) = -4 + n**2 - 3*n + 3*n. What is the units digit of t(j)?
5
Suppose t - 163 - 163 = 0. What is the units digit of t?
6
Suppose 77 = 5*i + 27. Suppose j = -j + i. What is the units digit of j?
5
Let f be 240/28*(-1 + 8). Suppose -2*k - f = -7*k. What is the tens digit of k?
1
Suppose -m = 96 - 173. What is the units digit of m?
7
Let v(f) = -f + 7. Let y(q) = -q + 7. Let h(z) = -3*v(z) + 2*y(z). Let l be h(4). What is the units digit of l/(0/2 - 3)?
1
Suppose k - 15 = -4*k. Suppose -5*m - 24 = -q, -3*m = -k*q - m + 7. Let w(u) = 12*u**2 - u - 1. What is the tens digit of w(q)?
1
Suppose -10*n - 5 = -11*n. Suppose -49 = -2*f + r - 6*r, 0 = -n*f - 5*r + 85. What is the tens digit of f?
1
Let u = -4 + 7. Let x = u - -12. What is the units digit of 64/10 - (-9)/x?
7
Suppose h - 8 - 15 = 0. What is the units digit of h?
3
Suppose -3*u = -5*u. Let c(o) = 16*o**2 - 11*o - 16. Let m(t) = -3*t**2 + 2*t + 3. Let r(g) = 2*c(g) + 11*m(g). What is the units digit of r(u)?
1
Suppose 0 = -t + 4*m + 43, 4*m = -3*t - 2*t + 167. What is the units digit of t?
5
Suppose -3*s = -4*b + 165, -2*b + 6*s = 3*s - 75. What is the units digit of b?
5
Let g = -9 + 2. Let k = 6 - g. What is the units digit of k?
3
Let w = 231 + 19. What is the hundreds digit of w?
2
Suppose a = 1 + 3. Suppose -3*h + 3*p = -p, -10 = -a*h + 2*p. What is the units digit of h?
4
Let t = 53 + -45. Suppose -5*n + 2*m + 13 = 0, -3*m + 18 = 4*n + n. Suppose -n*q - 25 = -t*q. What is the units digit of q?
5
Let n(b) = 20*b - 76. What is the units digit of n(20)?
4
Let o(g) = -g + 8. Let k(p) = -p**3 + p**2 - p + 1. Let v(w) = -w**3 + w - 1. Let i(z) = k(z) - 2*v(z). Let t be i(-3). What is the units digit of o(t)?
4
Let k = -8 - -12. Suppose 1 = q - k. What is the units digit of q?
5
Let x = -80 - -84. What is the units digit of x?
4
Suppose 5*n - 15 = 5. Suppose 2*l - 4 = -v - 2, n*v + 13 = -l. What is the units digit of l?
3
Let c = 2 - 0. What is the units digit of (3 - 0) + 5*c?
3
Let u(i) = i**2 + 1. Let a be u(-3). Suppose 97 = -2*y - 11. What is the units digit of y/(-15) - 6/a?
3
Let t(n) = 5*n + 12. What is the tens digit of t(6)?
4
What is the units digit of 2/(-10) + (-1152)/(-60)?
9
Suppose